h(-3). Calculate the greatest common divisor of f and 80.
10
Suppose 0 = -3*h - 11*h + 952. What is the highest common divisor of h and 136?
68
Let p = 11 - 6. Suppose -p*i + 92 = 32. Suppose -3*y = -y - 12. What is the highest common divisor of y and i?
6
Suppose 2*h - 3*n = 72, n + 31 - 161 = -4*h. Calculate the greatest common factor of h and 2409.
33
Let b = -11 + 14. Let g = 0 - -6. Suppose b*i = g*i - 54. Calculate the greatest common divisor of i and 18.
18
Let q be 1100/28 + ((-2)/7 - 0). Suppose 5*n - q = 6. Calculate the greatest common divisor of n and 99.
9
Let s(r) = 5*r - 2. Let j be s(1). Suppose 0*p = -p + j. Suppose -2*z + l + 198 = 0, 25 = 2*z + p*l - 173. What is the greatest common divisor of 9 and z?
9
Let z = -2325 + 4323. What is the highest common divisor of z and 27?
27
Suppose -73 = -3*n + 71. Suppose -d = -4*d - n. Let c = -2 - d. Calculate the greatest common divisor of c and 35.
7
Suppose -6*y - 8 = -7*y. Let q(u) = -u**3 + 7*u**2 + 11*u - 19. Let x be q(y). What is the greatest common divisor of 5 and x?
5
Suppose -12*v + 1830 = -7*v. Suppose -v*p + 25 = -361*p. What is the greatest common factor of 5 and p?
5
Suppose -7 = 4*n + 49. Let m be -3*(2 + (-56)/6). Let j = n + m. Calculate the highest common divisor of 32 and j.
8
Let a(c) = 5 - 465*c + 474*c + 3. Suppose -15 = -3*l + 9. Let s be a(l). Calculate the highest common divisor of s and 10.
10
Suppose 3*z + 30 = 102. Let m = 25 - z. Let j be (-1)/((-164)/162 + m). What is the greatest common divisor of 9 and j?
9
Suppose 151 + 201 = 4*g. What is the highest common divisor of 77 and g?
11
Suppose -9*b + 4*b + 345 = 0. Suppose b = 5*v - 26. Suppose 668 = 5*a - 2*f - 373, 5*a + 3*f - 1051 = 0. Calculate the greatest common factor of a and v.
19
Let i(k) = -8*k - 1. Let w be i(-2). Let v = -39 - -39. Suppose -4*n + v*n + 480 = 0. Calculate the greatest common factor of w and n.
15
Let p be 0/(-2) - (-221 - (-10 + 5)). What is the highest common divisor of p and 54?
54
Let z be 28/(-20) - (-62)/5. Calculate the highest common factor of z and 649.
11
Suppose -2*w + 16 = 10. Suppose -2*i + l + 90 = -23, 4*i + w*l = 221. Calculate the greatest common divisor of 8 and i.
8
Let f be (-6)/(-39) + (-3186)/(-78). Suppose -116 = -4*x + 2*h, -2*h + 53 + f = 3*x. Calculate the highest common factor of 10 and x.
10
Suppose -2*i - 372 + 1176 = -w, 4*i + w - 1596 = 0. What is the greatest common divisor of 320 and i?
80
Let x be ((-2)/(-5))/(-24*(-25)/4500). Let z = 11 + -8. Calculate the highest common factor of z and x.
3
Suppose -b + 6 = 3*r, 0 = 5*b - 4*r - 1 - 105. Let u(p) = -6*p**2 - 2*p - 2*p - p**3 + 13 + b*p. Let k be u(-9). What is the greatest common factor of 26 and k?
26
Suppose -2 = 2*q, w - 21 = -0*q + 5*q. Suppose 5*v - 12 = -v. Let h be 3/v - 116/(-8). What is the highest common factor of h and w?
16
Let y(g) = g**3 + 9*g**2 - 6*g - 49. Let u be y(-8). Suppose -j = -4*j + 63. What is the greatest common divisor of j and u?
21
Let o be (4/(-5))/((-16)/40). Suppose -o*w = 5 - 19. What is the greatest common factor of w and 7?
7
Let q = -83 - -51. Let s = q + 38. What is the greatest common factor of s and 42?
6
Let q(l) = 6*l**2 - 26*l - 34. Let z be q(11). Calculate the highest common divisor of 14 and z.
14
Let n be (-9 - 105/(-12))/(1/(-20)). What is the highest common divisor of n and 155?
5
Let n(k) = -12*k + 12. Let l(t) = 11*t - 13. Let i(a) = 5*l(a) + 4*n(a). Let o be i(7). What is the greatest common factor of o and 256?
32
Let j = 87 - -559. What is the highest common divisor of 76 and j?
38
Let r be -2*((-28)/(-8) - 4). Let a = 10 - r. Suppose -5*m = -q + 37, -m = 3*q - 0*q - 79. Calculate the highest common factor of a and q.
9
Let s be (-6328)/(-42)*(-6)/(-8). Let z = 176 - s. Calculate the highest common divisor of 7 and z.
7
Let v = -1144 - -1238. Calculate the highest common divisor of 517 and v.
47
Let v(a) = -a - 3. Let b be v(-5). Let d = 4 - b. Suppose 0*j - 2*j = 8, -2*w + d*j = -22. What is the greatest common factor of 1 and w?
1
Suppose 0 = 169*m - 161*m - 944. What is the greatest common divisor of m and 2?
2
Let m be 16 - 6*2/6. Suppose -44*j = -47*j + 672. Calculate the highest common factor of m and j.
14
Suppose -5*x + 13 = 5*z + 3, -z = -3*x + 22. Suppose 0*u = -4*u + 72. Suppose -5*g + v - 5*v = -u, -2*v + 6 = g. Calculate the highest common factor of x and g.
2
Suppose 5*o - 6*o + 7 = 0. Suppose -3*v + 40 = o. Suppose -88 = -3*u + 11. Calculate the highest common divisor of v and u.
11
Suppose 58*f - 48*f = 170. Let v(g) = 21*g - 7. Let o be v(6). What is the greatest common divisor of f and o?
17
Let y = 13 - -11. Suppose 3*i - 20 = -4*m + y, 4*i + 5*m = 60. Calculate the highest common factor of 160 and i.
20
Let g be 2/(-4) + 59/2. Let w(k) = -57*k + 32. Let f = -85 + 82. Let p be w(f). What is the greatest common divisor of p and g?
29
Let n(p) = 3*p**3 - 79*p**2 + 10*p + 426. Let q be n(26). Suppose -15 = -7*w + 4*w. Suppose w*i - 27 = 23. Calculate the highest common divisor of q and i.
10
Suppose -70*f = -66*f - 144. Let r be (-66)/55*15/(-2). Calculate the greatest common divisor of r and f.
9
Let t(i) = i + 7. Suppose u - 14 = -7. Let p be t(u). Suppose 0 = -3*z + 4*w + 42, -z - z + 28 = -3*w. Calculate the highest common divisor of z and p.
14
Let v be 4/(-10)*-2*(-510)/(-6). Calculate the highest common divisor of v and 170.
34
Suppose 0 = z + 5*o + 1 - 20, 5*z - 26 = -2*o. Suppose 0 = z*a - 11*a + 175. What is the highest common divisor of a and 25?
25
Let w(m) = -3*m + 30. Let q be w(9). Suppose -4*x + q*p = -59, x + 4*p - 2*p - 12 = 0. What is the greatest common factor of x and 98?
14
Suppose 86*d - 10 = -t + 85*d, -2*d = t - 12. What is the highest common divisor of t and 344?
8
Let x(t) = -t**2 + 3*t + 12. Let b be x(5). Suppose 0 = b*f + 3*f - 90. What is the highest common factor of f and 27?
9
Let k = 62 + -44. Let d(h) = 71*h - 346. Let c be d(5). What is the highest common factor of c and k?
9
Suppose 211*j - 1813 = 204*j. Calculate the greatest common divisor of j and 111.
37
Let m = 197 - -75. Suppose 2*g + 55 = -4*n + 83, 2*n + 18 = g. What is the highest common divisor of g and m?
16
Let a(k) = 2*k**2 + 8*k - 5. Suppose 2*z + 2*o = z - 7, 2*z = 4*o - 54. Let f = z + 5. Let i be a(f). What is the highest common divisor of i and 17?
17
Let h = 3 - 1. Let f be 15 - -1 - 0/h. Suppose -8*y + 184 = 5*c, -12*c + 3*y = -11*c - 46. Calculate the highest common divisor of c and f.
8
Suppose 0 = -4*p + 9*p. Suppose 3*m - 6*m + 549 = p. Suppose 0 = 5*h - 92 - m. What is the greatest common factor of h and 22?
11
Let i(w) = 9*w**2 + 3*w - 2. Let y be i(4). Let l be (-1 + -1)*1 - -3*64/12. What is the greatest common factor of l and y?
14
Let r = 13 - 9. Suppose 57 = -j + r*j. Let v = 17 + 2. Calculate the highest common factor of v and j.
19
Suppose 2*w - 2*a = -5*a + 4, -3*w = -2*a - 6. Suppose -3*n - 4*c + 56 = 0, -w*n - 2*c - 11 + 49 = 0. Calculate the highest common factor of n and 140.
20
Suppose 75 = 12*o - 11*o. Suppose 0 = 2*m + o - 271. What is the greatest common factor of m and 14?
14
Let z = -7 - -14. Let j(w) = w - 4. Let l be j(z). Suppose 0*d - 4*o + 72 = l*d, -11 = -d + 3*o. Calculate the greatest common factor of 30 and d.
10
Suppose -12*t + 285 = 3*t. What is the greatest common factor of t and 1691?
19
Suppose 16 = 4*x, -3*x - 39 = 5*g + 29. Let z = -8 - g. Let q be (z/10)/(5/275). Calculate the highest common divisor of 11 and q.
11
Let f be -3*3 + (463 - -38). What is the greatest common divisor of f and 18?
6
Suppose 2*a = -5*m, 0 = -4*a - 2*m + 1 + 15. Let t(w) = w**3 - 4*w**2 + w - 10. Let x be t(a). What is the highest common divisor of x and 5?
5
Suppose 0 = 5*z - 0*z - 55. Suppose -i + z = -0*i. What is the highest common factor of i and 22?
11
Let x(t) = 7*t**2 + 13*t + 18. Let w(r) = -8*r**2 - 12*r - 18. Let c(i) = -6*w(i) - 7*x(i). Let q be c(-12). Calculate the greatest common divisor of 22 and q.
22
Suppose -4*c = -2*c + 8. Let p = -8 + c. Let s = p - -16. Calculate the greatest common divisor of s and 10.
2
Let z(n) = 18*n - 348. Let a be z(22). Let s(g) = -g**3 - 6*g**2 - 3*g - 6. Let d be s(-6). What is the highest common factor of a and d?
12
Let f be (-39)/26*1*-4. Suppose -3*